{"id":114,"date":"2015-08-14T00:38:39","date_gmt":"2015-08-13T23:38:39","guid":{"rendered":"http:\/\/mediation-hautesorne.ch\/?page_id=114"},"modified":"2015-08-30T21:29:59","modified_gmt":"2015-08-30T20:29:59","slug":"la-chartre-de-la-mediation","status":"publish","type":"page","link":"https:\/\/mediation-hautesorne.ch\/?page_id=114","title":{"rendered":"Charte"},"content":{"rendered":"<h2><a href=\"http:\/\/mediation-hautesorne.ch\/wp-content\/uploads\/2015\/08\/Pelote-ose-court.png\"><img decoding=\"async\" loading=\"lazy\" class=\"  wp-image-159 alignnone\" src=\"http:\/\/mediation-hautesorne.ch\/wp-content\/uploads\/2015\/08\/Pelote-ose-court.png\" alt=\"Pelote-ose-court\" width=\"497\" height=\"243\" srcset=\"https:\/\/mediation-hautesorne.ch\/wp-content\/uploads\/2015\/08\/Pelote-ose-court.png 1292w, https:\/\/mediation-hautesorne.ch\/wp-content\/uploads\/2015\/08\/Pelote-ose-court-300x147.png 300w, https:\/\/mediation-hautesorne.ch\/wp-content\/uploads\/2015\/08\/Pelote-ose-court-1024x501.png 1024w\" sizes=\"(max-width: 497px) 100vw, 497px\" \/><\/a><\/h2>\n<h2>La m\u00e9diatrice\u00a0s&rsquo;engage \u00e0<\/h2>\n<ul>\n<li>\u00eatre \u00e0 l&rsquo;\u00e9coute des \u00e9l\u00e8ves de l&rsquo;\u00e9cole pour que ceux-ci puissent vivre\u00a0dans un climat qui permettra l&rsquo;apprentissage et le bon d\u00e9roulement de la vie\u00a0\u00e0 l&rsquo;\u00e9cole.<\/li>\n<li>\u00eatre pr\u00e9sente \u00e0 l&rsquo;\u00e9cole pour que les \u00e9l\u00e8ves qui ont des soucis puissent se\u00a0confier, qu&rsquo;ils soient entendus.<\/li>\n<li>\u00e9couter, \u00e9changer et aider \u00e0 trouver des solutions ou chercher, avec l&rsquo;\u00e9l\u00e8ve, des pistes pour r\u00e9soudre les probl\u00e8mes.<\/li>\n<li>garder secret ce que tu lui diras, sauf si tu es en danger ou que tu\u00a0souhaites en parler avec d&rsquo;autres.<\/li>\n<li>t&rsquo;orienter vers d&rsquo;autres personnes si c&rsquo;est n\u00e9cessaire.<\/li>\n<li>ne pas juger ce que tu lui dis.<\/li>\n<li>ne pas faire la morale.<\/li>\n<li>ne pas sanctionner.<\/li>\n<li>ne pas prendre parti de l&rsquo;un ou de l&rsquo;autre.<\/li>\n<\/ul>\n<p>&nbsp;<\/p>\n","protected":false},"excerpt":{"rendered":"<p>La m\u00e9diatrice\u00a0s&rsquo;engage \u00e0 \u00eatre \u00e0 l&rsquo;\u00e9coute des \u00e9l\u00e8ves de l&rsquo;\u00e9cole pour que ceux-ci puissent vivre\u00a0dans un climat qui permettra l&rsquo;apprentissage et le bon d\u00e9roulement de la vie\u00a0\u00e0 l&rsquo;\u00e9cole. \u00eatre pr\u00e9sente \u00e0 l&rsquo;\u00e9cole pour que les \u00e9l\u00e8ves qui ont des soucis puissent se\u00a0confier, qu&rsquo;ils soient entendus. \u00e9couter, \u00e9changer et aider \u00e0 trouver des solutions ou chercher, [&hellip;]<\/p>\n","protected":false},"author":1,"featured_media":0,"parent":0,"menu_order":6,"comment_status":"closed","ping_status":"closed","template":"","meta":{"footnotes":""},"_links":{"self":[{"href":"https:\/\/mediation-hautesorne.ch\/index.php?rest_route=\/wp\/v2\/pages\/114"}],"collection":[{"href":"https:\/\/mediation-hautesorne.ch\/index.php?rest_route=\/wp\/v2\/pages"}],"about":[{"href":"https:\/\/mediation-hautesorne.ch\/index.php?rest_route=\/wp\/v2\/types\/page"}],"author":[{"embeddable":true,"href":"https:\/\/mediation-hautesorne.ch\/index.php?rest_route=\/wp\/v2\/users\/1"}],"replies":[{"embeddable":true,"href":"https:\/\/mediation-hautesorne.ch\/index.php?rest_route=%2Fwp%2Fv2%2Fcomments&post=114"}],"version-history":[{"count":14,"href":"https:\/\/mediation-hautesorne.ch\/index.php?rest_route=\/wp\/v2\/pages\/114\/revisions"}],"predecessor-version":[{"id":225,"href":"https:\/\/mediation-hautesorne.ch\/index.php?rest_route=\/wp\/v2\/pages\/114\/revisions\/225"}],"wp:attachment":[{"href":"https:\/\/mediation-hautesorne.ch\/index.php?rest_route=%2Fwp%2Fv2%2Fmedia&parent=114"}],"curies":[{"name":"wp","href":"https:\/\/api.w.org\/{rel}","templated":true}]}}